2498919436?
False
Is 35657075 a multiple of 85?
True
Does 5 divide 49865208?
False
Is 1701177849 a multiple of 4053?
True
Is 27 a factor of 1089133892?
False
Is 1509 a factor of 469142064?
True
Is 805 a factor of 103754830?
False
Does 16 divide 4527003?
False
Does 184 divide 354370016?
True
Is 34372926 a multiple of 168?
False
Does 44 divide 291035720?
False
Is 719069837 a multiple of 2141?
True
Is 3 a factor of 176694871?
False
Is 44057250 a multiple of 234?
False
Is 66 a factor of 584101381?
False
Does 1207 divide 1385889984?
False
Does 112 divide 22214381?
False
Does 182 divide 192604594?
True
Is 146 a factor of 108091538?
True
Is 40 a factor of 814815665?
False
Is 2114059878 a multiple of 2466?
True
Is 6830014 a multiple of 2784?
False
Is 265 a factor of 35746645?
True
Does 55 divide 137917670?
True
Is 7027 a factor of 17911823?
True
Is 92721552 a multiple of 48?
True
Is 160418971 a multiple of 60?
False
Does 171 divide 2398617?
True
Does 346 divide 10918722?
True
Does 2 divide 12543468?
True
Is 120 a factor of 768731400?
True
Is 3579 a factor of 1518512436?
True
Is 764552320 a multiple of 1570?
True
Is 127 a factor of 66523004?
False
Is 140457900 a multiple of 10?
True
Does 8 divide 172771444?
False
Is 721279632 a multiple of 10741?
True
Does 299 divide 344979323?
True
Is 108503762 a multiple of 71?
True
Does 247 divide 421808569?
True
Does 879 divide 422695278?
True
Is 142945375 a multiple of 22?
False
Is 353 a factor of 81348357?
False
Is 10189746 a multiple of 21?
True
Is 92 a factor of 21637146?
False
Is 9 a factor of 32203773?
True
Is 718206720 a multiple of 560?
True
Is 7344 a factor of 297813888?
True
Is 62697551 a multiple of 34?
False
Is 1150 a factor of 351873550?
True
Is 3438 a factor of 39846420?
True
Is 1483934940 a multiple of 60?
True
Is 101 a factor of 3583376181?
False
Is 317 a factor of 46543208?
True
Does 34 divide 177868042?
True
Is 32 a factor of 48300768?
True
Is 16 a factor of 3527264?
True
Does 46 divide 21051716?
True
Is 19 a factor of 130998369?
True
Is 769973822 a multiple of 72?
False
Does 129 divide 505905492?
True
Is 266067151 a multiple of 7?
True
Does 133 divide 8012260?
False
Is 30700952 a multiple of 842?
False
Is 2273996665 a multiple of 12821?
True
Does 20 divide 67879020?
True
Does 6 divide 128618131?
False
Does 550 divide 2609189384?
False
Is 25622688 a multiple of 21?
True
Is 1233239753 a multiple of 424?
False
Does 7 divide 4435983?
False
Is 376 a factor of 3888176144?
True
Is 154947857 a multiple of 40?
False
Is 13016861 a multiple of 401?
True
Does 22 divide 603237098?
False
Is 7007506 a multiple of 28?
False
Is 606 a factor of 64300910?
False
Does 120 divide 1322366400?
True
Is 16 a factor of 419744?
True
Is 50991660 a multiple of 20?
True
Is 13208 a factor of 1810784995?
False
Is 6 a factor of 266553355?
False
Is 80 a factor of 54019423?
False
Is 957113565 a multiple of 215?
True
Is 9256 a factor of 104577459?
False
Is 1269906300 a multiple of 225?
True
Is 585067744 a multiple of 11?
False
Is 27 a factor of 2279697966?
True
Does 131 divide 81732603?
True
Does 21 divide 188454?
True
Is 953776 a multiple of 4?
True
Is 4247490732 a multiple of 3281?
True
Does 516 divide 597855660?
True
Is 22020184 a multiple of 39?
False
Is 360213509 a multiple of 906?
False
Is 92143080 a multiple of 1555?
True
Is 730 a factor of 365304087?
False
Does 984 divide 6452088?
True
Is 5 a factor of 175491430?
True
Is 10892266 a multiple of 1748?
False
Is 1562957684 a multiple of 864?
False
Is 72027652 a multiple of 134?
False
Does 289 divide 80112632?
False
Is 55 a factor of 648000215?
False
Is 344 a factor of 15658846?
False
Is 5 a factor of 9577718?
False
Is 52 a factor of 3520657960?
False
Is 478 a factor of 104792896?
True
Is 641 a factor of 81507637?
True
Does 37 divide 239690007?
False
Does 161 divide 30527662?
False
Is 42 a factor of 281603784?
True
Is 254955582 a multiple of 431?
False
Does 37 divide 11828086?
True
Does 14 divide 2082700056?
False
Is 2997224 a multiple of 1070?
False
Is 101967320 a multiple of 326?
False
Is 64183223 a multiple of 693?
False
Is 13 a factor of 28667093?
True
Is 34110412 a multiple of 306?
False
Does 18 divide 42091104?
False
Is 233 a factor of 1486995?
False
Is 78 a factor of 132917476?
False
Is 52 a factor of 4842421?
False
Does 84 divide 23686915?
False
Is 15735573 a multiple of 49?
False
Is 157865182 a multiple of 1051?
False
Does 2 divide 2406854?
True
Is 140193254 a multiple of 157?
False
Does 787 divide 149233301?
True
Is 1629688 a multiple of 521?
True
Is 28492976 a multiple of 8?
True
Is 18 a factor of 4586670?
True
Is 21 a factor of 910174577?
False
Is 9 a factor of 50573419?
False
Does 37 divide 71283534?
True
Does 232 divide 81092816?
True
Is 2511262 a multiple of 973?
False
Is 529 a factor of 72196862?
True
Is 73 a factor of 378870?
True
Is 291188810 a multiple of 1835?
True
Does 17 divide 136237269?
True
Is 201045373 a multiple of 1737?
False
Is 3886 a factor of 508229862?
False
Is 1610 a factor of 72450?
True
Is 13572522 a multiple of 261?
True
Is 638568983 a multiple of 121?
False
Is 158415442 a multiple of 369?
False
Is 150 a factor of 1189849500?
True
Does 207 divide 25134561?
True
Is 1149623893 a multiple of 487?
False
Does 86 divide 20496559?
False
Is 10 a factor of 112711700?
True
Is 35 a factor of 1313088068?
False
Is 64296909 a multiple of 55?
False
Is 851 a factor of 2146152744?
False
Does 11 divide 160716413?
True
Does 198 divide 505644683?
False
Is 47 a factor of 74675691?
False
Is 612 a factor of 172372134?
False
Is 233 a factor of 80088418?
False
Is 61 a factor of 12102318?
False
Is 174333952 a multiple of 208?
True
Does 11 divide 48298064?
False
Is 71329552 a multiple of 952?
True
Is 4 a factor of 17607576?
True
Is 3244 a factor of 373916416?
True
Does 23 divide 30001982?
True
Is 385082346 a multiple of 804?
False
Is 536176919 a multiple of 253?
False
Is 10042848 a multiple of 9?
True
Does 508 divide 111098156?
False
Is 8198628 a multiple of 6?
True
Does 9 divide 164433159?
True
Is 393860855 a multiple of 648?
False
Does 12 divide 34445520?
True
Is 702571562 a multiple of 73?
False
Is 324710523 a multiple of 279?
True
Does 173 divide 237575?
False
Is 6314154 a multiple of 79?
True
Is 3384 a factor of 29756920?
False
Is 3368466 a multiple of 174?
True
Does 58 divide 621798280?
True
Does 79 divide 22694881?
False
Is 28 a factor of 101534860?
True
Is 178795 a multiple of 37?
False
Is 46 a factor of 930816716?
True
Does 1964 divide 21836697?
False
Does 395 divide 1242178008?
False
Is 193714053 a multiple of 169?
True
Is 1115863150 a multiple of 101?
True
Is 231 a factor of 19659255?
True
Is 26472745 a multiple of 65?
True
Is 195556227 a multiple of 19?
True
Does 26 divide 80211035?
False
Is 1569384451 a multiple of 842?
False
Is 14537564 a multiple of 23?
True
Is 2211077930 a multiple of 2735?
True
Is 79944872 a multiple of 114?
False
Does 23 divide 14590478?
False
Is 16 a factor of 22993019?
False
Is 4740306 a multiple of 3?
True
Is 99 a factor of 23962356?
True
Does 2740 divide 841180?
True
Is 1032222218 a multiple of 127?
True
Is 5294763154 a multiple of 112?
False
Is 5 a factor of 1346725?
True
Does 962 divide 147023487?
False
Is 409212890 a multiple of 790?
True
Does 294 divide 25854613?
False
Is 55 a factor of 324583583?
False
Does 19 divide 645954?
False
Does 7 divide 108242277?
False
Is 307 a factor of 23527389?
False
Is 555 a factor of 71143474?
False
Is 18133045 a multiple of 497?
True
Is 352 a factor of 174945760?
True
Does 19 divide 1519827555?
False
Is 14243424 a multiple of 1212?
True
Is 283 a factor of 3196768?
True
Is 2333739317 a multiple of 88?
False
Is 3261087 even?
False
Is 3513 a factor of 275865351?
True
Does 13 divide 50331136?
False
Is 135780805 a multiple of 64?
False
Is 10552 a factor of 2256533554?
False
Is 84937212 a multiple of 516?
True
Is 1085 a factor of 9001107?
False
Is 91 a factor of 67752503?
True
Is 916042096 a multiple of 16?
True
Is 6 a factor of 189591816?
True
Does 9 divide 2289213?
True
Does 18 divide 774095618?
False
Is 1509 a factor of 740485206?
False
Is 13 a factor of 41106811?
False
Is 22375582 a multiple of 181?
True
Is 2 a factor of 102661034?
True
Does 153 divide 14084949?
False
Does 3 divide 25454380?
F